ase 10, what is -2 + 4229?
4227
In base 4, what is 1321 - -10?
1331
In base 15, what is -13 + -2?
-15
In base 12, what is 8 + -11?
-5
In base 5, what is -43 - -3?
-40
In base 11, what is 6 - -389?
394
In base 12, what is 2a76 - -2?
2a78
In base 16, what is 924 + -3?
921
In base 7, what is 2 - 56?
-54
In base 10, what is 229 - 0?
229
In base 6, what is -4 - 13?
-21
In base 11, what is 5 + 388?
392
In base 10, what is 140 - -4?
144
In base 2, what is -1 - 1011000?
-1011001
In base 14, what is 8 - 28d?
-285
In base 15, what is -2 + 8a1?
89e
In base 11, what is -5 + -1749?
-1753
In base 16, what is -75 - -6?
-6f
In base 11, what is 23 + 12?
35
In base 6, what is -10 + -21?
-31
In base 9, what is -820 + 1?
-818
In base 9, what is -7 - 8?
-16
In base 11, what is 1 + 181?
182
In base 9, what is 1 + -125?
-124
In base 5, what is 3 - -220?
223
In base 8, what is -3 + -11?
-14
In base 10, what is 5 - 38?
-33
In base 16, what is -c - -37?
2b
In base 3, what is -22 - 121110?
-121202
In base 11, what is 376 - 6?
370
In base 13, what is 2a9 - -1?
2aa
In base 6, what is -22 + -32?
-54
In base 15, what is -67 + -37?
-9e
In base 15, what is 1c9c + -1?
1c9b
In base 8, what is -22 - 4?
-26
In base 6, what is -1414 + 3?
-1411
In base 16, what is 5 - -61?
66
In base 4, what is 2 + -21201?
-21133
In base 9, what is -2818 + 1?
-2817
In base 7, what is -5 - 212?
-220
In base 13, what is -26a + 4?
-266
In base 3, what is -202112 + -2?
-202121
In base 9, what is 522 - 3?
518
In base 4, what is 1133020 - 3?
1133011
In base 14, what is -4 + -bd?
-c3
In base 11, what is 238 + 21?
259
In base 11, what is 5 + -4?
1
In base 14, what is -7d4 - -5?
-7cd
In base 3, what is 12 + -1012101?
-1012012
In base 14, what is 65 - -4?
69
In base 8, what is 515 + 12?
527
In base 3, what is 0 + -2121?
-2121
In base 12, what is -3 - 762?
-765
In base 7, what is -4014 + 1?
-4013
In base 7, what is 0 + 11306?
11306
In base 6, what is -21230 - -2?
-21224
In base 15, what is 1 - -9a6?
9a7
In base 12, what is 167 + -17?
150
In base 9, what is 0 + 16?
16
In base 5, what is -3 + -3?
-11
In base 9, what is -3 + 450?
446
In base 14, what is -5 - 2c?
-33
In base 14, what is 1a - -5?
21
In base 11, what is -7 + 411?
405
In base 2, what is 11 + -10001010?
-10000111
In base 10, what is -21 - 51?
-72
In base 4, what is -11 - 20301?
-20312
In base 4, what is 12 - 211203?
-211131
In base 10, what is -39 + 6?
-33
In base 16, what is b - -21?
2c
In base 8, what is 21 - 116?
-75
In base 4, what is -31000 + 3?
-30331
In base 11, what is 5 - 3a?
-35
In base 11, what is 47 + 4?
50
In base 2, what is 11 + -110001?
-101110
In base 3, what is 1001101 - 2?
1001022
In base 16, what is 8a - 5?
85
In base 13, what is -459 + -3?
-45c
In base 16, what is 2 + -1b3e?
-1b3c
In base 5, what is -1 - 121?
-122
In base 14, what is -6 - 733?
-739
In base 11, what is -3 + 166?
163
In base 12, what is -5b8 - 0?
-5b8
In base 3, what is -2201 - 1?
-2202
In base 2, what is -11 + 110010111100?
110010111001
In base 11, what is -5 - 2026?
-2030
In base 5, what is 312 + 2?
314
In base 11, what is -5 - -2500?
24a6
In base 10, what is -25 + -22?
-47
In base 2, what is -1101101011 + -11?
-1101101110
In base 7, what is 4 + 0?
4
In base 11, what is -327 - 3?
-32a
In base 14, what is -25 + -1a?
-41
In base 5, what is 43 + 404?
1002
In base 13, what is 4 + -623?
-61c
In base 9, what is 45 + 2?
47
In base 3, what is 12010102 - -10?
12010112
In base 12, what is -45 - 2b?
-74
In base 14, what is -77 - 2?
-79
In base 10, what is 3036 + -5?
3031
In base 14, what is 3 + 3516?
3519
In base 2, what is 100011000 - 1100?
100001100
In base 10, what is -244 + -4?
-248
In base 2, what is 1 - 100?
-11
In base 11, what is -1454 + -2?
-1456
In base 15, what is 47 + 1?
48
In base 10, what is 0 - -46?
46
In base 10, what is -2 + 1?
-1
In base 9, what is 6650 + -3?
6646
In base 14, what is 5 - -7cc?
7d3
In base 16, what is 1 - 7a?
-79
In base 9, what is -4 + 17?
13
In base 9, what is 3 - -20?
23
In base 5, what is 3231332 + 2?
3231334
In base 4, what is -2113 - 210?
-2323
In base 16, what is -139 + 2?
-137
In base 12, what is -104a8 - 3?
-104ab
In base 5, what is 2 - -33?
40
In base 12, what is -5 + -2660?
-2665
In base 8, what is 2222 - 0?
2222
In base 12, what is -91 - -3?
-8a
In base 5, what is 2 + 341?
343
In base 6, what is -4 + -401?
-405
In base 11, what is 7 + -296?
-28a
In base 9, what is -7 - -77?
70
In base 8, what is -1040 + 0?
-1040
In base 2, what is -100 + -1100110?
-1101010
In base 7, what is 0 + -56?
-56
In base 2, what is -10101001 + 11?
-10100110
In base 2, what is 1010 - 101000?
-11110
In base 13, what is 7 + 431?
438
In base 13, what is -4 - -77b?
777
In base 2, what is 11 + -10010100?
-10010001
In base 13, what is -70 + 45?
-28
In base 14, what is -3 - 24?
-27
In base 7, what is -5 + -145?
-153
In base 12, what is 2973 + -5?
296a
In base 9, what is 31 + -18?
12
In base 12, what is 35 - -4?
39
In base 4, what is -1300 + -1?
-1301
In base 11, what is -1 + 1769?
1768
In base 4, what is 2 + 103?
111
In base 6, what is 1 + -121?
-120
In base 3, what is 1011210 + -1?
1011202
In base 4, what is -10132 + 3?
-10123
In base 15, what is -5 + ec?
e7
In base 10, what is -655 - -2?
-653
In base 7, what is -5031 - -5?
-5023
In base 12, what is -636 - 3?
-639
In base 2, what is 100000100 + -101?
11111111
In base 2, what is 1011000 + -1100?
1001100
In base 10, what is 12 - 3?
9
In base 2, what is -1101 - -1?
-1100
In base 13, what is 5 + -23a?
-235
In base 6, what is -5511 + 11?
-5500
In base 11, what is -6a + 3?
-67
In base 16, what is -b - 3c?
-47
In base 9, what is -417 + 2?
-415
In base 5, what is -11014443 + 1?
-11014442
In base 2, what is -100011 - -1101?
-10110
In base 11, what is -14 + -3?
-17
In base 7, what is 4112 - -2?
4114
In base 11, what is 16 - -14?
2a
In base 2, what is -100 + 1010011011111?
1010011011011
In base 15, what is 5 + 2e8?
2ed
In base 14, what is 1247 + 5?
124c
In base 2, what is -1001000101 - -11101?
-1000101000
In base 7, what is 3 + 2020?
2023
In base 9, what is -30 + 2?
-27
In base 4, what is -10 - 13221?
-13231
In base 16, what is 0 - b4?
-b4
In base 2, what is -1100110 - 10001?
-1110111
In base 7, what is -13 + 1552?
1536
In base 10, what is -37550 + -4?
-37554
In base 11, what is 1550 - -1?
1551
In base 16, what is -29 - 5?
-2e
In base 7, what is -12 - 5?
-20
In base 14, what is 31 + -50?
-1d
In base 7, what is 3 - -1234?
1240
In base 6, what is 121 - 14?
103
In base 16, what is 13d + -4?
139
In base 14, what is 4 + -57?
-53
In base 9, what is 1181 + 0?
1181
In base 8, what is 213 + 10?
223
In base 8, what is -1 + -704?
-705
In base 4, what is -11 - -1022110?
1022033
In base 13, what is 19013 - -1?
19014
In base 14, what is 1 + -4?
-3
In base 14, what is cd - -28?
117
In base 8, what is -212 + -1?
-213
In base 15, what is 43 + -1?
42
In base 5, what is -1 - 142?
-143
In base 15, what is -20 - -81?
61
In base 2, what is -111000 + 0?
-111000
In base 16, what is 3a - -3?
3d
In base 6, what is 44 - 0?
44
In base 12, what is -3 - -b?
8
In base 2, what is 10 - -1010?
1100
In base 9, what is -147 + -4?
-152
In base 15, what is 550c + -1?
550b
In base 15, what is -3 + b?
8
In base 4, what is 22 + 2?
30
In base 15, what is 4 + 20e?
213
In base 8, what is 2174 - -7?
2203
In base 11, what is 132 - -40?
172
In base 15, what is 11 + 5?
16
In base 4, what is 10 - -223?
233
In base 9, what is 5 + -1543?
-1537
In base 13, what is 5 + a8b?
a93
In base 11, what is 90 - 15?
76
In base 10, what is 656 - -3?
659
In base 12, what is -1040 - -1?
-103b
In base 11, what is 69a + -5?
695
In base 11, what is -5 + -648?
-652
In base 3, what is 2 + 1101021?
1101100
In base 12, what is 8160 + 0?
8160
In base 6, what is 3 - -52?
55
In base 12, what is -138 - -3?
-135
In base 13, what is a0 - -5?
a5
In base 7, what is 316 + -31?
255
In base 10, what is 24 - -42?
66
In base 4, what is -331 - 1200?
-2131
In base 15, what is -2 - -b3?
b1
In base 5, what is -114 - -114?
0
In base 4, what is 11 + 101?
112
In base 6, what is -115 - 1?
-120
In base 4, what is -131 - 31?
-222
In base 4, what is -31 - 11?
-102
In base 15, what is -91 - 4?
-95
In base 9, what is 34 - -34?
68
In base 15, what is -4 + b4?
b0
In base 12, what is 76 - -3?
79
In base 6, what is -5 